{"id":130,"date":"2018-12-05T12:20:06","date_gmt":"2018-12-05T11:20:06","guid":{"rendered":"http:\/\/www.zgkimbierawa.pl\/?page_id=130"},"modified":"2022-01-24T13:24:26","modified_gmt":"2022-01-24T12:24:26","slug":"informacje-biezace","status":"publish","type":"page","link":"https:\/\/www.zgkimbierawa.pl\/index.php\/informacje-biezace\/","title":{"rendered":"Informacje bie\u017c\u0105ce"},"content":{"rendered":"<p>Zak\u0142ad Gospodarki Komunalnej i Mieszkaniowej w Bierawie informuje, i\u017c w zwi\u0105zku z informacjami o znacznym wzro\u015bcie liczby zachorowa\u0144 na COVID-19 uprzejmie prosi o ograniczenie osobistych wizyt w ZGKiM w Bierawie. Przyjmowanie interesant\u00f3w odbywa\u0107 si\u0119 b\u0119dzie po uprzednim zg\u0142oszeniu telefonicznym i um\u00f3wieniu wizyty.<br \/>\nDokumenty mo\u017cna umieszcza\u0107 r\u00f3wnie\u017c w skrzynce pocztowej znajduj\u0105cej si\u0119 w siedzibie ZGKiM Bierawa.<\/p>\n<p>Dane kontaktowe do ZGKiM Bierawa<\/p>\n<ul>\n<li>&#8211; 77 4872 743<\/li>\n<li>e-mail: <a href=\"mailto:zgkim@zgkimbierawa.pl\">zgkim@zgkimbierawa.pl<\/a><\/li>\n<\/ul>\n<p>Numery kont bankowych:<\/p>\n<p>Odpady: 14 8882 1016 2002 0009 9987 0024<\/p>\n<p>Woda, czynsz:<\/p>\n<ul>\n<li>95 8882 1016 2002 0009 9987 0021<\/li>\n<li>40 8882 1016 2002 0041 3129 0001<\/li>\n<\/ul>\n<p>&nbsp;<\/p>\n<hr \/>\n<p style=\"text-align: center;\"><a href=\"http:\/\/www.zgkimbierawa.pl\/wp-content\/uploads\/2021\/04\/Plakat-NSP-na-ekran-RGB.jpg\"><img loading=\"lazy\" decoding=\"async\" class=\"transparent\" src=\"https:\/\/ud.interia.pl\/html\/getattach,mid,11141,mpid,7,uid,141075084486d41d,min,0,nd,1,mimetype,image%2Fpng,\/Rachmistrz%2023%2006-PI%20some.png,maxwidth,1440,maxheight,728?f=Rachmistrz%2023%2006-PI%20some.png\" alt=\"https:\/\/ud.interia.pl\/html\/getattach,mid,11141,mpid,7,uid,141075084486d41d,min,0,nd,1,mimetype,image%2Fpng,\/Rachmistrz%2023%2006-PI%20some.png,maxwidth,1440,maxheight,728?f=Rachmistrz%2023%2006-PI%20some.png\" width=\"471\" height=\"264\" \/><\/a><\/p>\n<p>&nbsp;<\/p>\n<hr \/>\n<p style=\"text-align: center;\"><strong><u>Naklejki \u201ePOPI\u00d3\u0141\u201d do odbioru w ZGKiM <\/u><\/strong><\/p>\n<p style=\"text-align: center;\"><strong><u>w Bierawie<\/u><\/strong><\/p>\n<p style=\"text-align: center;\"><strong>\u00a0<\/strong><\/p>\n<p style=\"text-align: center;\">Urz\u0105d Gminy Bierawa informuje, \u017ce w\u0142a\u015bciciele (mieszka\u0144cy) nieruchomo\u015bci zamieszka\u0142ych mog\u0105 odebra\u0107 naklejki na pojemniki z napisem \u201ePOPI\u00d3\u0141\u201d w Zak\u0142adzie Gospodarki Komunalnej i Mieszkaniowej<\/p>\n<p style=\"text-align: center;\">w Bierawie.<\/p>\n<hr \/>\n<p>&nbsp;<\/p>\n","protected":false},"excerpt":{"rendered":"<p>Zak\u0142ad Gospodarki Komunalnej i Mieszkaniowej w Bierawie informuje, i\u017c w zwi\u0105zku z informacjami o znacznym wzro\u015bcie liczby zachorowa\u0144 na COVID-19 uprzejmie prosi o ograniczenie osobistych wizyt w ZGKiM w Bierawie. Przyjmowanie interesant\u00f3w odbywa\u0107 si\u0119 b\u0119dzie po uprzednim zg\u0142oszeniu telefonicznym i um\u00f3wieniu wizyty. Dokumenty mo\u017cna umieszcza\u0107 r\u00f3wnie\u017c w skrzynce pocztowej znajduj\u0105cej si\u0119 w siedzibie ZGKiM Bierawa. [&hellip;]<\/p>\n","protected":false},"author":2,"featured_media":0,"parent":0,"menu_order":0,"comment_status":"closed","ping_status":"closed","template":"","meta":{"footnotes":""},"class_list":["post-130","page","type-page","status-publish","hentry"],"_links":{"self":[{"href":"https:\/\/www.zgkimbierawa.pl\/index.php\/wp-json\/wp\/v2\/pages\/130","targetHints":{"allow":["GET"]}}],"collection":[{"href":"https:\/\/www.zgkimbierawa.pl\/index.php\/wp-json\/wp\/v2\/pages"}],"about":[{"href":"https:\/\/www.zgkimbierawa.pl\/index.php\/wp-json\/wp\/v2\/types\/page"}],"author":[{"embeddable":true,"href":"https:\/\/www.zgkimbierawa.pl\/index.php\/wp-json\/wp\/v2\/users\/2"}],"replies":[{"embeddable":true,"href":"https:\/\/www.zgkimbierawa.pl\/index.php\/wp-json\/wp\/v2\/comments?post=130"}],"version-history":[{"count":35,"href":"https:\/\/www.zgkimbierawa.pl\/index.php\/wp-json\/wp\/v2\/pages\/130\/revisions"}],"predecessor-version":[{"id":593,"href":"https:\/\/www.zgkimbierawa.pl\/index.php\/wp-json\/wp\/v2\/pages\/130\/revisions\/593"}],"wp:attachment":[{"href":"https:\/\/www.zgkimbierawa.pl\/index.php\/wp-json\/wp\/v2\/media?parent=130"}],"curies":[{"name":"wp","href":"https:\/\/api.w.org\/{rel}","templated":true}]}}